{"id":19,"date":"2022-03-18T17:01:47","date_gmt":"2022-03-18T16:01:47","guid":{"rendered":"https:\/\/maennerreih-geislar.de\/?page_id=19"},"modified":"2022-03-26T10:57:24","modified_gmt":"2022-03-26T09:57:24","slug":"start","status":"publish","type":"page","link":"https:\/\/maennerreih-geislar.de\/","title":{"rendered":"M\u00c4NNERREIH Geislar 1951"},"content":{"rendered":"\n<figure class=\"wp-block-image size-full is-style-rounded\"><img loading=\"lazy\" decoding=\"async\" width=\"800\" height=\"600\" src=\"https:\/\/maennerreih-geislar.de\/wp-content\/uploads\/2022\/03\/800_600_maennereih-1.jpg\" alt=\"\" class=\"wp-image-65\" srcset=\"https:\/\/maennerreih-geislar.de\/wp-content\/uploads\/2022\/03\/800_600_maennereih-1.jpg 800w, https:\/\/maennerreih-geislar.de\/wp-content\/uploads\/2022\/03\/800_600_maennereih-1-300x225.jpg 300w, https:\/\/maennerreih-geislar.de\/wp-content\/uploads\/2022\/03\/800_600_maennereih-1-768x576.jpg 768w\" sizes=\"auto, (max-width: 800px) 100vw, 800px\" \/><\/figure>\n\n\n\n<p>Die M\u00e4nnerreih Geislar wurde im Jahre 1951 gegr\u00fcndet und bestand aus ehemaligen Junggesellen, die durch Heirat nicht mehr dem Junggesellenverein angeh\u00f6ren k\u00f6nnen. Die nun verheirateten M\u00e4nner machten sich Gedanken, was nun, wo sie keine Junggesellen mehr sind, geschehen soll. So wurde die M\u00e4nnerreih ins Leben gerufen. Der Sinn war, sich alle paar Wochen zu treffen, wie vorher auch als Junggesellen.<\/p>\n\n\n\n<p>Die heutige M\u00e4nnerreih besteht aus 35 aktiven Mitgliedern und freut sich \u00fcber jeden Neuzugang, damit dieser alte Brauch weiter bestehen kann.<\/p>\n\n\n\n<figure class=\"wp-block-image size-large\"><img loading=\"lazy\" decoding=\"async\" width=\"1024\" height=\"741\" src=\"https:\/\/maennerreih-geislar.de\/wp-content\/uploads\/2022\/03\/BURG-115-1024x741.jpg\" alt=\"\" class=\"wp-image-67\" srcset=\"https:\/\/maennerreih-geislar.de\/wp-content\/uploads\/2022\/03\/BURG-115-1024x741.jpg 1024w, https:\/\/maennerreih-geislar.de\/wp-content\/uploads\/2022\/03\/BURG-115-300x217.jpg 300w, https:\/\/maennerreih-geislar.de\/wp-content\/uploads\/2022\/03\/BURG-115-768x555.jpg 768w, https:\/\/maennerreih-geislar.de\/wp-content\/uploads\/2022\/03\/BURG-115-1536x1111.jpg 1536w, https:\/\/maennerreih-geislar.de\/wp-content\/uploads\/2022\/03\/BURG-115-1200x868.jpg 1200w, https:\/\/maennerreih-geislar.de\/wp-content\/uploads\/2022\/03\/BURG-115.jpg 1702w\" sizes=\"auto, (max-width: 1024px) 100vw, 1024px\" \/><figcaption>Ausflug Cochem 2018<\/figcaption><\/figure>\n\n\n\n<p><\/p>\n","protected":false},"excerpt":{"rendered":"<p>Die M\u00e4nnerreih Geislar wurde im Jahre 1951 gegr\u00fcndet und bestand aus ehemaligen Junggesellen, die durch Heirat nicht mehr dem Junggesellenverein angeh\u00f6ren k\u00f6nnen. Die nun verheirateten M\u00e4nner machten sich Gedanken, was nun, wo sie keine Junggesellen mehr sind, geschehen soll. So wurde die M\u00e4nnerreih ins Leben gerufen. Der Sinn war, sich alle paar Wochen zu treffen, [&hellip;]<\/p>\n","protected":false},"author":1,"featured_media":0,"parent":0,"menu_order":0,"comment_status":"closed","ping_status":"closed","template":"","meta":{"footnotes":""},"class_list":["post-19","page","type-page","status-publish","hentry"],"_links":{"self":[{"href":"https:\/\/maennerreih-geislar.de\/index.php\/wp-json\/wp\/v2\/pages\/19","targetHints":{"allow":["GET"]}}],"collection":[{"href":"https:\/\/maennerreih-geislar.de\/index.php\/wp-json\/wp\/v2\/pages"}],"about":[{"href":"https:\/\/maennerreih-geislar.de\/index.php\/wp-json\/wp\/v2\/types\/page"}],"author":[{"embeddable":true,"href":"https:\/\/maennerreih-geislar.de\/index.php\/wp-json\/wp\/v2\/users\/1"}],"replies":[{"embeddable":true,"href":"https:\/\/maennerreih-geislar.de\/index.php\/wp-json\/wp\/v2\/comments?post=19"}],"version-history":[{"count":11,"href":"https:\/\/maennerreih-geislar.de\/index.php\/wp-json\/wp\/v2\/pages\/19\/revisions"}],"predecessor-version":[{"id":72,"href":"https:\/\/maennerreih-geislar.de\/index.php\/wp-json\/wp\/v2\/pages\/19\/revisions\/72"}],"wp:attachment":[{"href":"https:\/\/maennerreih-geislar.de\/index.php\/wp-json\/wp\/v2\/media?parent=19"}],"curies":[{"name":"wp","href":"https:\/\/api.w.org\/{rel}","templated":true}]}}